- -1010?
-110100010000
In base 16, what is -4 + 3f76f?
3f76b
In base 15, what is -195 + -11?
-1a6
In base 8, what is -253120 - 25?
-253145
In base 14, what is 1 - -476c?
476d
In base 8, what is 211 + -3555?
-3344
In base 8, what is 77732 - 4?
77726
In base 16, what is -1ff - -36?
-1c9
In base 3, what is -12 + -1010202?
-1010221
In base 3, what is 11020 - 121202111?
-121121021
In base 15, what is c9 + 64?
13d
In base 2, what is -10101 + 11100?
111
In base 11, what is 2 - -167875?
167877
In base 5, what is 41023014 + 0?
41023014
In base 2, what is 1110101101010111110 - 101?
1110101101010111001
In base 2, what is -100100101 - -10000000?
-10100101
In base 7, what is 14 + 4142146?
4142163
In base 11, what is 76 - 2245?
-217a
In base 4, what is 1122210 + -23310?
1032300
In base 13, what is 620 - -1009?
1629
In base 7, what is 62 + -6340?
-6245
In base 12, what is -204 + -1807?
-1a0b
In base 3, what is -1001001 - 20111011?
-21112012
In base 9, what is -61645 - 23?
-61668
In base 6, what is 33 - -331135?
331212
In base 12, what is 3 + 4693?
4696
In base 13, what is -143a9 - 1?
-143aa
In base 9, what is -11815 - -27?
-11777
In base 8, what is 0 - -17266?
17266
In base 7, what is -3 + 21231?
21225
In base 4, what is -12213 - 1202123?
-1221002
In base 6, what is 1133202 - -5?
1133211
In base 3, what is 1102201220110 - 1?
1102201220102
In base 9, what is -647 + -1053?
-1711
In base 2, what is 1011110 + 0?
1011110
In base 12, what is 181a4 - -28?
18210
In base 8, what is -456126 - 0?
-456126
In base 5, what is 40202 + -1111?
34041
In base 6, what is 14 - 3234?
-3220
In base 7, what is 2004 + -516?
1155
In base 15, what is -2d1 - 943?
-c24
In base 10, what is 4 - 6325?
-6321
In base 14, what is 74 - -a90?
b24
In base 3, what is 0 - 120011002?
-120011002
In base 11, what is -7688 + -32?
-770a
In base 10, what is 28584 - -4?
28588
In base 10, what is -184703 - 0?
-184703
In base 6, what is -11452244 + -4?
-11452252
In base 3, what is 2110010021 + 2?
2110010100
In base 5, what is 3202103 - 12?
3202041
In base 14, what is -8 - -16ba?
16b2
In base 14, what is -45208 - -3?
-45205
In base 3, what is -101120201122222 - -1?
-101120201122221
In base 15, what is 3 - 1880b?
-18808
In base 14, what is 1 + -7990?
-798d
In base 2, what is 110010100110010 - -1001?
110010100111011
In base 13, what is 5 - 548a67?
-548a62
In base 10, what is -2 - 84453?
-84455
In base 12, what is -27697 - 0?
-27697
In base 10, what is -48 + 322?
274
In base 13, what is 924627 + -5?
924622
In base 3, what is 20021000000111 - 2?
20021000000102
In base 2, what is -101 + 100011101001010?
100011101000101
In base 13, what is -142 - -1b29?
19b7
In base 3, what is -110200 + -2102?
-120002
In base 8, what is 26 - -4727?
4755
In base 5, what is -21 - -2320220?
2320144
In base 13, what is -22 + -19c2?
-1a14
In base 9, what is -238712 - 1?
-238713
In base 13, what is 578a - -118?
58a5
In base 13, what is -60c + -a?
-619
In base 4, what is -23 + -221002322?
-221003011
In base 6, what is 3 - 21445?
-21442
In base 3, what is 101112 - 221?
100121
In base 3, what is -2111 + 10010222?
10001111
In base 14, what is 2 - 24581?
-2457d
In base 3, what is 10 - 10020002210?
-10020002200
In base 8, what is 64647 - -41?
64710
In base 10, what is 290 - 117?
173
In base 4, what is -122003023 + -10?
-122003033
In base 15, what is -182 + -9d?
-230
In base 10, what is -292 - -454?
162
In base 16, what is -14d + -698?
-7e5
In base 3, what is 111 + -1222211011?
-1222210200
In base 14, what is -a764 - -2?
-a762
In base 15, what is -6ea1 + 0?
-6ea1
In base 4, what is -232103 - 31?
-232200
In base 8, what is -13 + 3342?
3327
In base 8, what is -54 + -211?
-265
In base 16, what is 8d91 - 0?
8d91
In base 15, what is -22 - -1ee7?
1ec5
In base 4, what is -30301 + -2011?
-32312
In base 5, what is 331 + 1030231?
1031112
In base 7, what is 16 - 340656?
-340640
In base 16, what is -dcf2b - -4?
-dcf27
In base 15, what is 46 - -3?
49
In base 3, what is -2001020102212 + -2?
-2001020102221
In base 15, what is -b1 + -14?
-c5
In base 6, what is -1341404 - -4?
-1341400
In base 2, what is -11010 + 110101100111?
110101001101
In base 9, what is -117872 + 154?
-117717
In base 3, what is 210 + 12020122202?
12020200112
In base 5, what is -4 - -30032004?
30032000
In base 15, what is -49e2e - -4?
-49e2a
In base 6, what is -32552 - 1001?
-33553
In base 9, what is 506 - -157?
664
In base 3, what is 10001202211202 - -1?
10001202211210
In base 3, what is -2221 + -212111?
-222102
In base 10, what is -2417 - 11?
-2428
In base 13, what is -142 - c?
-151
In base 12, what is 225 - -269?
492
In base 6, what is 315322 - -1?
315323
In base 6, what is -2 + 101320?
101314
In base 8, what is -23 + 4505?
4462
In base 13, what is -99b + -b?
-9a9
In base 10, what is -3 - -11750?
11747
In base 16, what is -e1 + -21?
-102
In base 11, what is 338a + 33?
3412
In base 14, what is -2 - -1343?
1341
In base 8, what is 5474 - 40?
5434
In base 11, what is 0 + 11249?
11249
In base 16, what is -6a - -334?
2ca
In base 14, what is -53853 - -7?
-5384a
In base 12, what is 17a - -180?
33a
In base 9, what is -354288 + -27?
-354326
In base 16, what is -1ad2 - -5?
-1acd
In base 3, what is 20101000100010 + 0?
20101000100010
In base 15, what is -1a369 + -4?
-1a36d
In base 12, what is -3 - -11a?
117
In base 12, what is 2290 + -18?
2274
In base 4, what is 132 - -103023?
103221
In base 6, what is 353 - -302334?
303131
In base 2, what is 1101001001010 - -1?
1101001001011
In base 7, what is -510205 + -13?
-510221
In base 8, what is -2637 - -3?
-2634
In base 6, what is 131100422 - 2?
131100420
In base 11, what is 73829 + 3?
73831
In base 3, what is -2 - -122022111?
122022102
In base 3, what is 12210010 + -201112?
12001121
In base 2, what is -10100011101 + 101000100?
-1111011001
In base 8, what is 615702 - 1?
615701
In base 13, what is 137 - 3ab?
-274
In base 10, what is 1950 + -992?
958
In base 7, what is -42 + -2246125?
-2246200
In base 6, what is -24143135 + 5?
-24143130
In base 7, what is -521 + 43?
-445
In base 3, what is 22 - -1101010100122?
1101010100221
In base 7, what is 5 - -1400040?
1400045
In base 15, what is -dde5 + a?
-ddda
In base 15, what is 5c1 - -44?
615
In base 11, what is 18a77a - -5?
18a784
In base 14, what is 2465 - -3c?
24a3
In base 11, what is 61 - -5a79?
602a
In base 8, what is -10014735 - 4?
-10014741
In base 11, what is 0 + -a52268?
-a52268
In base 11, what is 3706 + 15?
3720
In base 7, what is 4 + 313414?
313421
In base 9, what is 20 + 1622?
1642
In base 14, what is 1 + -65b2?
-65b1
In base 6, what is 130 - 11330?
-11200
In base 9, what is 875 - -120?
1105
In base 15, what is 1 + 109d3?
109d4
In base 4, what is -12 + 2202023310?
2202023232
In base 3, what is 1121011 + 1102?
1122120
In base 5, what is -1 - 1442300?
-1442301
In base 12, what is 732 - -35?
767
In base 10, what is 2 - 1332271?
-1332269
In base 12, what is -36898 - 0?
-36898
In base 7, what is 3 - 45144?
-45141
In base 7, what is 2344445 - -4?
2344452
In base 2, what is 1001011001110100 - 1?
1001011001110011
In base 14, what is -44 + 9543?
94dd
In base 13, what is -1a8a - 25?
-1ab2
In base 5, what is 1321 + -22113?
-20242
In base 13, what is -22 + -9aa?
-9cc
In base 10, what is 1703 - -342?
2045
In base 9, what is 3 - -161611?
161614
In base 16, what is -1f3 - -3?
-1f0
In base 2, what is -110000111110011 - -100?
-110000111101111
In base 3, what is -2122 - -10222?
1100
In base 6, what is 3 - 4513521?
-4513514
In base 4, what is -2001212 - 122?
-2002000
In base 4, what is -112213 - -131122?
12303
In base 8, what is 11 - 15533?
-15522
In base 5, what is 1 - 20101430?
-20101424
In base 7, what is -160314 + -4?
-160321
In base 10, what is -69759 + -5?
-69764
In base 8, what is 1506655 - 1?
1506654
In base 14, what is -245441 + -1?
-245442
In base 12, what is 3b25 - -108?
4031
In base 16, what is -136 + 4f7?
3c1
In base 12, what is -2600 + -17?
-2617
In base 12, what is 3 - 1b5971?
-1b596a
In base 11, what is -3 - -64468?
64465
In base 11, what is -2 - 552069?
-552070
In base 7, what is 24632 + 424?
25356
In base 13, what is -3c9cac - 2?
-3c9cb1
In base 13, what is -4 + -6949?
-6950
In base 9, what is -15731 + -122?
-15853
In base 4, what is 0 + 121110032?
121110032
In base 3, what is -1001111 + 12022110?
110